{"id":25991,"date":"2024-12-19T19:20:48","date_gmt":"2024-12-19T22:20:48","guid":{"rendered":"https:\/\/www.bdaypc.com\/?page_id=25991"},"modified":"2024-12-19T19:36:09","modified_gmt":"2024-12-19T22:36:09","slug":"alvear-fiesta-31-diciembre","status":"publish","type":"page","link":"https:\/\/www.bdaypc.com\/index.php\/alvear-fiesta-31-diciembre\/","title":{"rendered":"Fin de a\u00f1o Alvear Palace Hotel"},"content":{"rendered":"<p>[vc_row row_type=&#8221;row&#8221; type=&#8221;full_width&#8221; text_align=&#8221;left&#8221; video=&#8221;&#8221; padding_top=&#8221;95&#8243; padding_bottom=&#8221;75&#8243; css_animation=&#8221;&#8221;][vc_column][vc_gallery type=&#8221;flexslider_slide&#8221; interval=&#8221;3&#8243; images=&#8221;24753,24750,24758,24751,24754,24755,24756,24757,24760,24761,24764,24768,24769,24770,24771&#8243; img_size=&#8221;3200&#215;1800&#8243; onclick=&#8221;&#8221; frame=&#8221;no&#8221;][vc_column_text]<\/p>\n<h3 style=\"text-align: center;\"><span style=\"color: #993300;\">Alvear Palace Hotel &#8211; Fiesta <b>31 de Diciembre de 2024<\/b><br \/>\n<\/span><\/h3>\n<p>[\/vc_column_text][vc_separator type=&#8221;transparent&#8221;][vc_column_text]<\/p>\n<h4 style=\"text-align: center;\">Los recuerdos tienen gran importancia para nosotros, creemos que son de esas pocas cosas que, a medida que pasa el tiempo, ganan cada vez m\u00e1s valor.<br \/>\nPor eso, nos encanta ser los encargados de preservarlos y hacerlos <span style=\"line-height: 1.5;\">trascender en el tiempo . Porque compartimos el mismo sentimiento, somos su mejor opci\u00f3n para la imagen visual de su evento.<\/span><\/h4>\n<p>[\/vc_column_text][vc_separator type=&#8221;transparent&#8221;][\/vc_column][\/vc_row][vc_row row_type=&#8221;row&#8221; type=&#8221;grid&#8221; text_align=&#8221;left&#8221; video=&#8221;&#8221; background_color=&#8221;#f9f9f9&#8243; padding_top=&#8221;95&#8243; padding_bottom=&#8221;110&#8243; css_animation=&#8221;&#8221;][vc_column][vc_column_text]<\/p>\n<h3 style=\"text-align: center;\">CONTA CON NOSOTROS<\/h3>\n<p>[\/vc_column_text][vc_column_text]<\/p>\n<h4 style=\"text-align: center;\"><span style=\"line-height: 1.5;\">Somos una productora integral fotograf\u00eda y cinematograf\u00eda para eventos, es decir que hacemos la imagen visual integral. Tenemos un estilo muy marcado, nuestro esp\u00edritu es retratar instantes en formato documental. Tenemos los mejores equipos y lentes del mercado, lo que nos permite trabajar con este tipo de est\u00e9tica sin correr riesgos en la b\u00fasqueda de los resultados.<\/span><\/h4>\n<p>[\/vc_column_text][vc_separator type=&#8221;transparent&#8221; up=&#8221;75&#8243; down=&#8221;0&#8243;][vc_column_text]<\/p>\n<h3 style=\"text-align: center;\">PRESUPUESTO<\/h3>\n<p>[\/vc_column_text][vc_column_text]<strong>FOTOGRAFIA Y FILMACION<br \/>\n<\/strong>Realizamos la cobertura completa del evento a tres c\u00e1maras (una de fotos,\u00a0 una de video y una h\u00edbrida que har\u00e1 ambos trabajos). Nosotros llegamos muy temprano para capturar la preparaci\u00f3n del sal\u00f3n, detalles de ambientaci\u00f3n y nos encontraremos a disposici\u00f3n si hubiera que realizar alguna nota, entrevista o tomar im\u00e1genes en particular que el cliente nos solicite.<br \/>\nRealizaremos el retoque y edici\u00f3n digital de todas las fotos del evento sin marca de agua y en alta definici\u00f3n. Entregaremos todo el contenido via link de acceso con dos copias, una para impresi\u00f3n y una para medios digitales.<br \/>\nArmado de un set con flashes de estudio para tomar las fotograf\u00edas de todos lo invitados durante la recepi\u00f3n, edici\u00f3n digital de las mismas en el momento y exportaci\u00f3n para su env\u00edo.<br \/>\nTambi\u00e9n entregaremos un corto completo de Highlights de no m\u00e1s de cuatro minutos con reducci\u00f3n a un minuto para RRSS en formatos para poder ser visualizado en smartphones, tablets, LCD, LED y cualquier computadora.<span style=\"line-height: 1.5;\"><br \/>\n<strong><span style=\"color: #993300;\">USD 2.600.-<\/span><\/strong><\/span>[\/vc_column_text][vc_separator type=&#8221;transparent&#8221;][vc_video link=&#8221;https:\/\/youtu.be\/Rc8J7Q5ZIxo&#8221; el_width=&#8221;90&#8243; el_aspect=&#8221;235&#8243; align=&#8221;center&#8221; src=&#8221;&#8220;https:\/\/player.vimeo.com\/video\/212827139?h=1d70bf628c&#8220;&#8221; width=&#8221;&#8220;640&#8220;&#8221; height=&#8221;&#8220;360&#8220;&#8221; frameborder=&#8221;&#8220;0&#8220;&#8221; css=&#8221;.vc_custom_1734647767548{margin-top: 1px !important;margin-right: 4px !important;margin-bottom: 1px !important;margin-left: 4px !important;border-top-width: 2px !important;border-bottom-width: 2px !important;}&#8221;][vc_separator type=&#8221;transparent&#8221;][vc_column_text]<strong>CCTT<br \/>\n<\/strong>Direcci\u00f3n en vivo durante los shows que consta de dos planos de c\u00e1mara cuyo registro nos brindar\u00e1 la perspectiva exacta de la composici\u00f3n del show en las pantallas de led en el sal\u00f3n contiguo. Un director operar\u00e1 el circuito cerrado en vivo y seleccionara cada toma para que el registro vivo respete la est\u00e9tica del vivo.<span style=\"line-height: 1.5;\"><br \/>\n<strong><span style=\"color: #993300;\">USD 1.900.-<\/span><\/strong><\/span>[\/vc_column_text][vc_separator type=&#8221;transparent&#8221;][vc_column_text]<span style=\"line-height: 1.5;\"><strong>IMPRESION KODAK FOTOS DE FIN DE FIESTA<\/strong><br \/>\nDispondremos de una impresora Kodak Profesional para imprimir las fotos de los grupos de reservas durante la fiesta y exhibici\u00f3n de las mismas con leyenda y logo del evento para entregar al final de fiesta al retirarse los invitados.<br \/>\nImpresi\u00f3n de 100 fotos de 15\u00d721 cm<br \/>\nLa ventaja de una impresora Kodak Profesional en lugar de cabina de fotos es que los invitados no estar\u00e1n esperando esta fotograf\u00eda y desde luego la calidad de la imagen e impresi\u00f3n, ya que se trata de una impresi\u00f3n fotogr\u00e1fica t\u00e9rmica y no de impresora inkjet o laser.<br \/>\n<strong><span style=\"color: #993300;\">USD 900.-<\/span><\/strong><\/span>[\/vc_column_text][vc_separator type=&#8221;transparent&#8221;][vc_column_text]<span style=\"line-height: 1.5;\"><strong>IMPRESIONES KODAK IMANTADAS<\/strong><br \/>\nUna c\u00e1mara retratara instant\u00e1neas durante todo el evento donde dispondremos de una segunda impresora Kodak Profesional para imprimir fotos ilimitadas con back imantado durante la fiesta que se ir\u00e1n exhibiendo en un bastidor iluminado sobre un atril para que los invitados las retiren regularmente.<br \/>\n<strong><span style=\"color: #993300;\">USD 900.-<\/span><\/strong><\/span>[\/vc_column_text][vc_single_image image=&#8221;25681&#8243; img_size=&#8221;large&#8221; qode_css_animation=&#8221;&#8221;][\/vc_column][\/vc_row][vc_row row_type=&#8221;row&#8221; type=&#8221;full_width&#8221; text_align=&#8221;left&#8221; video=&#8221;&#8221; css_animation=&#8221;&#8221;][vc_column][\/vc_column][\/vc_row][vc_row row_type=&#8221;row&#8221; type=&#8221;full_width&#8221; text_align=&#8221;left&#8221; video=&#8221;&#8221; css_animation=&#8221;&#8221;][vc_column][\/vc_column][\/vc_row]<\/p>\n","protected":false},"excerpt":{"rendered":"<p>[vc_row row_type=&#8221;row&#8221; type=&#8221;full_width&#8221; text_align=&#8221;left&#8221; video=&#8221;&#8221; padding_top=&#8221;95&#8243; padding_bottom=&#8221;75&#8243; css_animation=&#8221;&#8221;][vc_column][vc_gallery type=&#8221;flexslider_slide&#8221; interval=&#8221;3&#8243; images=&#8221;24753,24750,24758,24751,24754,24755,24756,24757,24760,24761,24764,24768,24769,24770,24771&#8243; img_size=&#8221;3200&#215;1800&#8243; onclick=&#8221;&#8221; frame=&#8221;no&#8221;][vc_column_text] Alvear Palace Hotel &#8211; Fiesta 31 de Diciembre de&#8230;<\/p>\n","protected":false},"author":3,"featured_media":0,"parent":0,"menu_order":1,"comment_status":"closed","ping_status":"closed","template":"","meta":[],"_links":{"self":[{"href":"https:\/\/www.bdaypc.com\/index.php\/wp-json\/wp\/v2\/pages\/25991"}],"collection":[{"href":"https:\/\/www.bdaypc.com\/index.php\/wp-json\/wp\/v2\/pages"}],"about":[{"href":"https:\/\/www.bdaypc.com\/index.php\/wp-json\/wp\/v2\/types\/page"}],"author":[{"embeddable":true,"href":"https:\/\/www.bdaypc.com\/index.php\/wp-json\/wp\/v2\/users\/3"}],"replies":[{"embeddable":true,"href":"https:\/\/www.bdaypc.com\/index.php\/wp-json\/wp\/v2\/comments?post=25991"}],"version-history":[{"count":6,"href":"https:\/\/www.bdaypc.com\/index.php\/wp-json\/wp\/v2\/pages\/25991\/revisions"}],"predecessor-version":[{"id":25997,"href":"https:\/\/www.bdaypc.com\/index.php\/wp-json\/wp\/v2\/pages\/25991\/revisions\/25997"}],"wp:attachment":[{"href":"https:\/\/www.bdaypc.com\/index.php\/wp-json\/wp\/v2\/media?parent=25991"}],"curies":[{"name":"wp","href":"https:\/\/api.w.org\/{rel}","templated":true}]}}